 c be q(4). Suppose c*h - 5*v = 40, -4*h - 3*v + 13 = 5. Suppose -4*p - 3*j = -37, h*p + 0*j = -j + 38. What is the units digit of p?
7
Suppose 60 = -5*p + 155. Suppose -d + 9 = 4*w, 4*w = -4*d + d + p. What is the units digit of w?
1
Let i = 16 + -16. Suppose 3*f + 2*q - 38 = i, -2*f + 0*f + 3*q + 47 = 0. What is the tens digit of f?
1
Let p = -35 + 96. What is the units digit of p?
1
Let h = -12 - -28. What is the units digit of h?
6
Let j = -30 - -18. Let a = -9 - j. Suppose -a*k + 0*k - 3 = 4*p, -5*k + 2*p = -21. What is the units digit of k?
3
Let r = -120 - -252. What is the hundreds digit of r?
1
Let i = 574 + -393. What is the tens digit of i?
8
Let s = -1 - -7. Suppose 3*u = s*u - 48. What is the tens digit of u?
1
Suppose -5*j = -253 - 102. What is the units digit of j?
1
Let o(w) be the third derivative of w**2 + 5/12*w**4 - w**3 + 0 - 1/60*w**5 + 0*w. What is the units digit of o(6)?
8
Let l be 3/(9/(-12)) + 3. What is the units digit of (-12 - 2)*(l - 0)?
4
Suppose -232 = -5*c + 208. What is the units digit of c?
8
Let g = 3 + 0. Let v = -34 + 39. Suppose 37 = g*a + 4*c, a + v*c + 39 = 5*a. What is the tens digit of a?
1
Let x(h) be the third derivative of -h**5/60 + h**4/4 + 3*h**3/2 + 2*h**2. Let y be x(7). Suppose f = y*f - 9. What is the units digit of f?
9
Let u = -72 - -150. What is the units digit of u?
8
What is the hundreds digit of 6*(-6)/48 + 487/4?
1
Let z = 302 + 22. What is the units digit of z?
4
Let d = -8 + 8. Suppose -i - 2*i + 27 = d. What is the units digit of i?
9
Suppose 2*g - 3 = 3, -t + g = -84. What is the tens digit of t?
8
Let r be (-1)/(-2 + (-30)/(-16)). Suppose -4*j - r = 3*n + 2, 3*j + 22 = 5*n. Suppose 0 = -n*o - 6, 2*o = -4*u - o + 23. What is the units digit of u?
8
Let n(d) = -3*d + 4. Let x be n(4). Let o = x + 6. Let i = 6 + o. What is the units digit of i?
4
What is the units digit of -40*(-4)/24 - (-1)/3?
7
Suppose -3*i + i = 34. Suppose -p + 6*p + 60 = 0. Let n = p - i. What is the units digit of n?
5
Let l = -54 - -126. What is the tens digit of l?
7
What is the units digit of ((-7)/(-21))/(2/150)?
5
Let j(a) = a + 14. What is the units digit of j(-5)?
9
What is the units digit of 38*((-1 - 0) + 2 + 1)?
6
Let a be (-10)/(-4)*4/5. Suppose -4*r - 3*c + 24 = 0, 4*r - c - 24 = -a*c. What is the units digit of 7/(-21) + 68/r?
1
Let x = 75 + -1. Suppose 5*h - 186 = x. What is the tens digit of h?
5
What is the units digit of (-1 - 3)*(-9 - -4)?
0
Suppose 0 = 5*v - 8 - 67. Let p = v + -10. What is the units digit of p?
5
Suppose 2*i + 4*x - 6 = 0, 5*i - x - 29 = 3*x. Suppose 5*g = -6*z + z + 45, i*g - 3*z = 37. What is the units digit of g?
8
What is the units digit of (-194)/(-6) - 4/(-6)?
3
Suppose -2*q = 2*q + 28. Let u = -5 - q. What is the units digit of u?
2
Let r = -13 - -17. What is the units digit of 0/r*1 - -10?
0
What is the units digit of (-33)/12*-2 - (-5)/(-2)?
3
Suppose -2*d + 16 = -10. What is the tens digit of d?
1
Suppose 3*u - u = -c, c + 1 = -3*u. Suppose 2*t - c*i = -0*i + 42, -i - 97 = -5*t. What is the units digit of t?
9
Let j(h) = -12*h**2 - 6*h - 3. Let s(o) = -o**2 + o. Let l(a) = -j(a) + 9*s(a). What is the units digit of l(-7)?
5
Let j = 9 - 4. Suppose j*w + 2 = -13. Let t = w - -10. What is the units digit of t?
7
Suppose 2*k = -3*v + 400, 4*v - 796 = -4*k - 0*v. What is the tens digit of k?
9
Let p(l) = l**3 + l**2 - l - 1. Let c be p(-1). Let y(o) = -2 + c*o - o + o**2 + 7. What is the units digit of y(0)?
5
Suppose 2*l - 3 = 5*u, 0 = 4*u - u + 3*l + 6. Let z be (4 - 1) + (1 - u). Let j = z - 0. What is the units digit of j?
5
Suppose -2*w - 2 = -w. What is the units digit of 11 + w + 4 + -2?
1
What is the tens digit of 4/34 + (-26330)/(-170)?
5
Let m = 10 - 6. Suppose -2*w = 5*i - 28, -m*w = -2 - 14. Suppose -l + 4*d = -0*d - i, 35 = 5*l - 5*d. What is the units digit of l?
8
Suppose -5*q = 3*v - v - 15, 4*q - 36 = -4*v. What is the units digit of v?
0
Let n = 18 - -18. Suppose -2*j - 2*d + n = 2*j, 3*j - d = 22. What is the tens digit of ((-44)/(-3))/(j/12)?
2
Suppose -4*t - 2 + 6 = 0. Let v(i) = 13*i**3 + i**2 - 2*i + 1. What is the units digit of v(t)?
3
Let h = 14 + -5. What is the units digit of h?
9
Let w(u) = -u**2 + 8*u - 7. Let o be w(6). Suppose -2*l = 2*f + l + 7, 0 = f - o*l + 23. What is the units digit of (44/f)/((-1)/2)?
1
Let s = 11 - 8. Suppose 2*o = s*o - 13. What is the tens digit of o?
1
Let z(s) = -21*s - 1. Let l be z(1). Let v = l - -34. What is the units digit of v?
2
Let l be 9/2*16/12. Let j(c) = -c**2 + 8*c + 4. What is the units digit of j(l)?
6
Let p = -35 + 74. What is the tens digit of p?
3
Let s(r) = -8*r + 1. Let z(f) = -f**2 + f. Let o be (-9)/(3/(-6) - -2). Let l(m) = o*z(m) - s(m). What is the units digit of l(1)?
7
Let l(j) = -j + 45. What is the tens digit of l(0)?
4
Suppose 3*m = -h + 2*h + 4, 2 = 2*m. Suppose 3*i + 15 = 8*i. Let b = h + i. What is the units digit of b?
2
Suppose 5*b + 51 = 4*p, p = 3*p - 8. Let q = b + 8. Let r = q - -5. What is the units digit of r?
6
Suppose 3*z - 2 = z + 2*y, -13 = -z - 3*y. Suppose 0 = z*m + g - 7 - 26, 15 = m - 2*g. What is the units digit of m?
9
Let y(d) = d**3 + 4*d**2 + 4*d + 2. Let i be y(-3). Let s be 1*i/((-2)/4). Suppose 2*z - 2 = s. What is the units digit of z?
2
Suppose 0*h - 4*m = 2*h + 8, -3*h - 3 = -3*m. Let r be (-1)/1*(h + 2). Suppose -4*s = 3*z - 43, r = -s - 2*z + 3*z + 2. What is the units digit of s?
7
Let t = 236 + -77. What is the units digit of t?
9
Let a(m) = m + 8. Suppose -4*u = 3*j - 2 - 14, 0 = 3*j + 2*u - 8. What is the units digit of a(j)?
8
Let t = -5 + 11. Let x be (-1*1 - 5)*-1. Suppose 3*c = -2*f + 7*c + x, 5*c + t = f. What is the units digit of f?
1
Let m = 2 - -7. What is the units digit of m?
9
Let a = -31 - -8. Let c = -11 - a. Suppose 2*g - c = 2. What is the units digit of g?
7
What is the tens digit of (12/8)/((-6)/(-124))?
3
Let t(g) = 5*g + 4. Let f be t(5). Let i = f - 7. What is the tens digit of i?
2
Let i be (-55)/(-4) + (-3)/(-12). Let v be i/4 - 1/(-2). Suppose -w - v = -6. What is the units digit of w?
2
Let i(a) = -a**3 - 3*a**2 + 5*a + 6. Let b be i(-4). Suppose 3*y - b*f - 25 = 0, -3*f = -2*f + 5. What is the units digit of y?
5
Let q = -16 - -24. Let t = q + -6. Suppose t = 4*x - 6. What is the units digit of x?
2
Suppose -3*p = p + 5*r - 382, -5*p = 3*r - 471. Suppose -3*f + 0*f = -p. What is the units digit of f?
1
Suppose 9*x - 4*x + 94 = 3*c, -4*c = 3*x - 135. What is the tens digit of c?
3
Let v = 94 - 55. What is the units digit of v?
9
Suppose -2 = -3*a + 34. Let m = 18 - a. What is the units digit of m?
6
Let p = -32 - -16. Let k be p/(-6) - 10/(-30). Let x = 0 + k. What is the units digit of x?
3
Let p = -2 - -2. Suppose -t - t - 14 = p. Let c = 14 + t. What is the units digit of c?
7
Suppose 4*z - 9 + 1 = 0. Suppose -z*k + 96 = 2*k. Suppose c = -5*i + 8, -3*c = 2*i + 3*i - k. What is the units digit of c?
8
Let y(j) = -3*j + 5. Let g be y(5). Let h be (-4)/g - (-64)/(-10). Let l = 5 - h. What is the units digit of l?
1
Let q(c) = -c**2 + 6*c + 0 - 1 + 2. Let r be q(6). Suppose 4*n + r = -5*d - 1, -5*n - 25 = -5*d. What is the units digit of d?
2
Suppose 0 = -6*u + u. Suppose -2*h - 5*t + 27 = -h, 4*h + 4*t - 60 = u. What is the units digit of h?
2
Suppose 0 = s - 29 - 3. Suppose -s = -0*r - 2*r. What is the units digit of r?
6
Let u be -2*(-3)/(-6)*-2. Let g be (-6)/15 - u/(-5). Suppose g = -4*c, 0*f + 4*c = -5*f + 55. What is the tens digit of f?
1
Let x = 38 + -18. Suppose -2*j + x = 3*j. Suppose -2*q + 0 = -w + 3, -2*q - 6 = -j*w. What is the units digit of w?
1
Let s(f) = -f**2 - 6*f - 6. Let x be s(-5). Suppose -4*v = 5*t - 6, 4*t - v + 28 = 4*v. What is the units digit of t/x*2/4?
1
Let a be (3/(-3))/((-1)/3). Suppose a*b = 18 - 6. What is the units digit of b?
4
Let j(w) = -26*w - 2. Let h be j(-1). Let f = h - 10. What is the units digit of f?
4
Suppose 0 = -f - 3*t - 0*t + 1, t - 9 = 4*f. Let w = 12 + f. What is the units digit of w?
0
Suppose 12 = n + n. What is the units digit of n?
6
Suppose 2*u + 10 = -3*u. Let y = 19 + u. What is the tens digit of y?
1
Suppose -110 = -4*g + 86. What is the tens digit of g?
4
Suppose 6*u - 2*u + j = 129, 5*j + 99 = 4*u. What is the units digit of u?
1
Let n(c) = -c**3 + 12